hat is -21220 - -134?
-21031
In base 10, what is 29856 - -25?
29881
In base 3, what is -122200200 - 10?
-122200210
In base 7, what is -1060416 + -1?
-1060420
In base 16, what is -1b11 - -5?
-1b0c
In base 3, what is 12 - -121022221?
121100010
In base 12, what is -a6689 - 3?
-a6690
In base 9, what is -5482 + -72?
-5564
In base 8, what is 2 + 33402?
33404
In base 5, what is -4141 + 1112?
-3024
In base 15, what is 219 + -b7?
152
In base 10, what is -40355 - -48?
-40307
In base 7, what is 10230 - -3?
10233
In base 15, what is 3a5c5 - 2?
3a5c3
In base 9, what is -611872 - -3?
-611868
In base 9, what is 1182 - -1442?
2634
In base 12, what is -12 + -1024?
-1036
In base 5, what is -3 - -244321?
244313
In base 15, what is -707 - -2?
-705
In base 8, what is -1 + 442507?
442506
In base 4, what is -11 - -101302133?
101302122
In base 15, what is 191 - -85d?
9ee
In base 15, what is -751 + 4?
-74c
In base 8, what is 141 + 16330?
16471
In base 9, what is -2 - 202516?
-202518
In base 14, what is -ab0 + -c?
-abc
In base 6, what is 3000432 + 2?
3000434
In base 5, what is 4441 - -10244?
20240
In base 16, what is -d80f - 2?
-d811
In base 2, what is -1110010 - 10111000?
-100101010
In base 5, what is 41 + 3441?
4032
In base 11, what is -1042696 + 1?
-1042695
In base 16, what is 3 + 35d0?
35d3
In base 4, what is -113311113 - -2?
-113311111
In base 5, what is -10 + 413303?
413243
In base 11, what is -168a + 4a?
-1640
In base 3, what is 121 - 22011000?
-22010102
In base 8, what is -115326 - 11?
-115337
In base 16, what is -8fb - 4d3?
-dce
In base 14, what is dcd0 + -15?
dcb9
In base 10, what is -21 + -2446?
-2467
In base 7, what is 1 - -26446?
26450
In base 4, what is -3 - 3220301?
-3220310
In base 16, what is 10174 + -1?
10173
In base 3, what is 12202 - -111111?
201020
In base 2, what is 10 + -101010100001011000?
-101010100001010110
In base 13, what is -1b9 - ac?
-298
In base 14, what is 9495 - -3?
9498
In base 10, what is 4 + 3137?
3141
In base 9, what is 8108 + -72?
8026
In base 3, what is -1121201102 - -10?
-1121201022
In base 3, what is -22211 + -10221?
-110202
In base 15, what is 13 + 786d0?
786e3
In base 8, what is 2 - 145347?
-145345
In base 5, what is 0 + -3332302?
-3332302
In base 8, what is 764 - -111?
1075
In base 6, what is 0 - 211304?
-211304
In base 6, what is -2523 + -1120?
-4043
In base 15, what is 4a7 - -14a?
602
In base 14, what is -3 + -2440?
-2443
In base 5, what is 4 - 30034324?
-30034320
In base 2, what is -10011010 - 10010101?
-100101111
In base 6, what is 1 + 15000?
15001
In base 14, what is -1409 - -235?
-11b4
In base 14, what is 3351a + 1?
3351b
In base 4, what is 233 - -1323021?
1323320
In base 10, what is -2654 - -156?
-2498
In base 2, what is -1001100000 - -1110110?
-111101010
In base 8, what is 172522 + 15?
172537
In base 15, what is -3b - -4da?
49e
In base 4, what is 103011 + -221?
102130
In base 12, what is 1045 + -36?
100b
In base 8, what is 15506051 + -2?
15506047
In base 13, what is 15b7 + 3?
15ba
In base 6, what is -1355 - 451?
-2250
In base 14, what is 4 - -1bbac8?
1bbacc
In base 16, what is 15a38 + -f?
15a29
In base 10, what is 2595495 - 1?
2595494
In base 5, what is 4 + 11102032?
11102041
In base 2, what is 1101100101 + 1?
1101100110
In base 5, what is 1134 + -21203?
-20014
In base 6, what is 325 - 3315?
-2550
In base 4, what is 312 + 12212030?
12213002
In base 10, what is -318 + -123?
-441
In base 10, what is -46 + -6346?
-6392
In base 11, what is -a3 - -1322?
122a
In base 15, what is -1258 - 1c?
-1275
In base 2, what is 10 + 1000001100100110?
1000001100101000
In base 14, what is 4a0 - 1c?
482
In base 14, what is 5a9 - -52?
61b
In base 12, what is -12194a - 0?
-12194a
In base 8, what is -14 + -1423154?
-1423170
In base 10, what is 4 - -12276?
12280
In base 13, what is -213 - -15?
-1cb
In base 4, what is 1020 + -23223?
-22203
In base 13, what is 20c7 + -65?
2062
In base 5, what is 22 - 2104?
-2032
In base 7, what is 0 + -1111?
-1111
In base 7, what is -3445546 + 3?
-3445543
In base 9, what is 362 - 32026?
-31554
In base 15, what is -56 - 269?
-2c0
In base 7, what is 11 - 216510?
-216466
In base 13, what is -31 + -b26?
-b57
In base 8, what is -146 - 2273?
-2441
In base 7, what is 2 + -1066?
-1064
In base 2, what is -100110110 - -10011010111?
1110100001
In base 8, what is 54060 + 4?
54064
In base 4, what is 21100 - -2031?
23131
In base 10, what is -2 - -43523?
43521
In base 2, what is -1000010 + -1000011010000100?
-1000011011000110
In base 5, what is 1100 - 231121?
-230021
In base 12, what is -4 - 1ba38?
-1ba40
In base 14, what is 5 + c1323?
c1328
In base 5, what is 33100 + -132?
32413
In base 2, what is 111001111001001 + 10?
111001111001011
In base 5, what is 3 - 1114221?
-1114213
In base 9, what is -506261 + -5?
-506266
In base 10, what is 2806 + -68?
2738
In base 13, what is 0 - 116c7?
-116c7
In base 3, what is -11 + -201221102?
-201221120
In base 9, what is -102323 + 18?
-102304
In base 15, what is -37 - -33e4?
33ac
In base 6, what is 1 + 213303?
213304
In base 14, what is 58 - -19?
73
In base 14, what is 10c + -13b8?
-12aa
In base 10, what is -2 + 43230?
43228
In base 9, what is -1454 - -1100?
-354
In base 4, what is 3031301210 - 10?
3031301200
In base 5, what is -10 - 2000011?
-2000021
In base 15, what is -d99 - -11?
-d88
In base 14, what is -39a + -19?
-3b5
In base 9, what is -7084 + 88?
-6885
In base 15, what is -d72a7 + 2?
-d72a5
In base 11, what is 5 - 562?
-558
In base 12, what is 1 - 88157?
-88156
In base 15, what is 3 + -16607?
-16604
In base 5, what is 24 - -121434?
122013
In base 13, what is -3 + -24467?
-2446a
In base 12, what is -1 - -728629?
728628
In base 8, what is 2 - -42763?
42765
In base 10, what is 10927 + 2?
10929
In base 15, what is -1617e7 - 3?
-1617ea
In base 8, what is 1143 + -17260?
-16115
In base 7, what is 144203 - 5?
144165
In base 11, what is 3532 + 28?
355a
In base 5, what is 112003114 - 4?
112003110
In base 14, what is 76 - 30c?
-276
In base 10, what is 705135 - 1?
705134
In base 5, what is -11 + 344441?
344430
In base 15, what is 0 + 4e96?
4e96
In base 15, what is 13d9 + -60?
1379
In base 15, what is -41 + 658?
617
In base 2, what is 110110011011101100 - 100?
110110011011101000
In base 9, what is 255 + -214?
41
In base 6, what is -22430 + -3521?
-30351
In base 16, what is -5 + -7e57?
-7e5c
In base 3, what is -2 + -220011021?
-220011100
In base 16, what is 42f1 + -5?
42ec
In base 6, what is 11 - 335013?
-335002
In base 6, what is -10301012 + 0?
-10301012
In base 14, what is -9c0 - -267?
-757
In base 15, what is -2a - -556?
52b
In base 7, what is -1462 + -15?
-1510
In base 4, what is 0 + -210223201?
-210223201
In base 10, what is 3649 - 83?
3566
In base 2, what is 100100001111 - 101010?
100011100101
In base 14, what is 5 + -1db4d?
-1db48
In base 11, what is 4a549 + 4?
4a552
In base 12, what is -86 - -1002?
b38
In base 8, what is -3646274 - 3?
-3646277
In base 11, what is -449 - -97?
-362
In base 15, what is 2c94 + 0?
2c94
In base 3, what is 201110 + 110002120?
110211000
In base 13, what is 5 + -3552?
-354a
In base 13, what is 0 + 13a93?
13a93
In base 9, what is -62720 - -5?
-62714
In base 6, what is -5532443 + -4?
-5532451
In base 11, what is -854a + -3?
-8552
In base 10, what is -5740 - -153?
-5587
In base 13, what is -1988 - -2?
-1986
In base 6, what is 12 - 4235450?
-4235434
In base 9, what is 55037 - 42?
54885
In base 13, what is 88b - -3b5?
c73
In base 5, what is -3213332 - 2?
-3213334
In base 10, what is 3 - -6277?
6280
In base 5, what is 40110001 - 11?
40104440
In base 3, what is -101212211 - 1122?
-101221110
In base 16, what is 4f1 - 331?
1c0
In base 7, what is 535 + -11201?
-10333
In base 7, what is -16206 - -213?
-15663
In base 13, what is 16c - -95?
234
In base 4, what is -11 - -10011321?
10011310
In base 16, what is 11ec21 - 4?
11ec1d
In base 8, what is 6 + -3337?
-3331
In base 12, what is 5 + 7b74?
7b79
In base 15, what is -78ba - -1?
-78b9
In base 11, what is -1240 + -547?
-1787
In base 15, what is 1464 - 5?
145e
In base 6, what is 3300015 + 3?
3300022
In base 8, what is 2 - -202435?
202437
In base 10, what is -12 - -290?
278
In base 7, what is -1 + 106305?
106304
In base 10, what is -3240 - 492?
-3732
In base 7, what is 1144 + -305?
536
In base 13, what is -396 + -1524?
-18ba
In